 remainder when ((-22)/33)/((-2)/129) is divided by n(x)?
21
Let k = 1039 + -1012. Let q = 15 + -7. Suppose -t - t + q = 0. Calculate the remainder when k is divided by t.
3
Suppose -c + 4*m = 3*m - 6, 3*c + 2*m = 23. Let g = c - -2. Let x = 63 - 59. Calculate the remainder when g is divided by x.
1
Suppose -9 = 5*w + 3*v + 18, 3*v = -4*w - 24. What is the remainder when w + 27 - (-2)/(-2) is divided by (42/105)/(1/30)?
11
Let d(r) = -r**3 + 12*r**2 - 7*r + 4. Let n be d(6). Suppose n*w + 27 = 181*w. Calculate the remainder when w is divided by (-2)/3 - 8/(-3).
1
Suppose -n - 138 = -3*n. Let p = -34 - -70. Calculate the remainder when n is divided by p.
33
Let n = -3 + 3. Suppose n = 3*d - 2*d - 8. Let w = 102 + -55. Calculate the remainder when w is divided by d.
7
Suppose -2*z - 88 - 61 = -5*n, 0 = 4*n - 3*z - 122. Let d(c) = 7*c**2 - 3*c + 13. What is the remainder when d(5) is divided by n?
28
Let r(q) = -6*q**2 + 10 - q**2 + q**3 - 2*q**3. What is the remainder when 27 is divided by r(-7)?
7
Suppose 4*x - 2*l - 58 = 0, -5*l - 11 = x + 2. Let z(w) = -4*w**3 - w**2 + w. Calculate the remainder when x/(-8)*-202*(-2)/(-6) is divided by z(-2).
23
Let m = 29 - 38. Let g(y) = y**2 + 7*y + 4. Calculate the remainder when g(m) is divided by 12.
10
Suppose 3*n = 3*k + 63, -n + 10 + 3 = -3*k. What is the remainder when 112 is divided by n?
12
Let o be (-9)/(-36) + (-78)/(-8). Let f = 7 + o. Calculate the remainder when f is divided by 6.
5
Let a = 5 - -4. Suppose 3 = 4*n - 5*d + 11, -2*d + 5 = -n. Suppose -a = -2*l + n. What is the remainder when 10 is divided by l?
4
Suppose 0 = 4*n + 3*q - 1453, -3*q + 0*q = 15. Calculate the remainder when n is divided by 74.
71
Suppose 0*o + 5*v + 51 = 4*o, -o + 2*v + 12 = 0. Let n = o - 0. What is the remainder when n is divided by 8?
6
Suppose -20*w - 210 = -26*w. Calculate the remainder when 52/14 + 6/21 is divided by 90/w + (-15)/(-35).
1
Let o(d) = d**3 + 3*d**2 - 6*d + 14. What is the remainder when o(4) is divided by 27?
21
Suppose 44*d = d + 1032. Calculate the remainder when 334 is divided by d.
22
Suppose -3*q + 39 = -0*q. Suppose 0 = -8*i - 4*i + 564. What is the remainder when i is divided by q?
8
Let o = -2 - 3. Let d(l) = -l**2 - 7*l - 3. Calculate the remainder when (12*4/8)/((-75)/(-325)) is divided by d(o).
5
Let t(a) = 11*a - 22. Let g be t(4). Suppose 3*m + 83 - g = 5*k, -2*k + 3*m = -28. What is the remainder when 41 is divided by k?
8
Let q = -58 + 85. Let f = 27 + -14. Let c = f - -39. Calculate the remainder when c is divided by q.
25
Suppose 2*y = -2*z + 8 + 10, 0 = -z - 3*y + 3. Let l(m) = 7*m + 15. Let b be l(z). Let s = b - 65. Calculate the remainder when s is divided by 7.
6
Let b be -4*1/4*-19. Let g = b + -1. Suppose -59 = -3*s + 151. What is the remainder when s is divided by g?
16
Suppose -h - n - 18 = 0, 6*h + 84 = h - 2*n. Let g = h - -22. What is the remainder when 22 is divided by g?
4
Let d(c) = 6*c**2 + 4*c + 3. Let u be d(-3). Let s = 85 - u. What is the remainder when s is divided by 21?
19
Suppose -d + 88 = 10*d. Calculate the remainder when (0 - -2) + 0 + d + 46 is divided by 20.
16
Let b = -1345 - -1388. What is the remainder when 300 is divided by b?
42
Let u(a) = -a - 4. Let g be u(-9). Suppose -g*p + 68 = 18. Calculate the remainder when p is divided by 4.
2
Suppose -3*s + 18 = -2*r - 0*r, 0 = s + 4*r - 20. Suppose -10*i + s*i + 92 = 0. What is the remainder when i is divided by 12?
10
Let y = 32 + -23. Suppose 246 = 4*r + 1294. Calculate the remainder when (-13)/(-52) + r/(-8) is divided by y.
6
Let f be 0 + 6 - -4*17. Let u(m) = 4*m**2 - m + 2. Let l be u(2). Let a = f - l. What is the remainder when a is divided by 15?
13
Let m be (-3)/(-2) + (-27)/18. Suppose m = -2*i - 5*i + 140. What is the remainder when 37 is divided by i?
17
Let o = -28 + 39. Suppose -3 = -57*a + 54*a. Let d(k) = 17*k + 14. What is the remainder when d(a) is divided by o?
9
Let h = 1130 + -1069. Suppose -6*g + 28 + 38 = 0. What is the remainder when h is divided by g?
6
Let u = 142 + -94. Suppose -o + u = -34. Calculate the remainder when o is divided by 12.
10
Let h(o) = -o**3 + 16*o**2 - 21*o - 8. Calculate the remainder when h(14) is divided by 14.
6
Calculate the remainder when ((-219)/2 - -2)*4/(-10) is divided by 11.
10
Let t be (-4)/(3/(36/(-8))). Let a be (-1)/1*(38 - t). Let w = a + 35. What is the remainder when 6 is divided by w?
0
Suppose 8*z - 904 = 3*z - 4*u, 192 = z - 2*u. What is the remainder when 569 is divided by z?
17
Let d(r) = -r + 18. Let p(l) = -l**2 - 14*l + 36. Let a be p(-17). What is the remainder when d(a) is divided by 3/1*34/6?
16
Let m = -83 + -61. Calculate the remainder when 1 + (m/(-4) - -4) is divided by 23.
18
Let t(d) = 2*d - 3. Let j be t(3). Suppose -j*c + 175 = 4*c. Calculate the remainder when c is divided by 8.
1
Suppose -74 - 29 = -5*s + v, 4*s - 92 = -4*v. Calculate the remainder when 137 is divided by s.
11
Suppose -58 = 2*d - 64. Calculate the remainder when (-40)/(-5) + (-2 - 0) is divided by d.
0
Let p be 1 + (1 - 2 - 2). Let g(c) = -6*c - 2. Let x = -3503 - -3520. Calculate the remainder when x is divided by g(p).
7
Let v = 446 + -774. Let h = 84 - v. Suppose -2*t = 2*t - h. Calculate the remainder when t is divided by 26.
25
What is the remainder when (-96)/(-384) + 655/4 is divided by 11?
10
Let q be 2/(-8) - (455/20 + -1). Let g = q + 24. Let w = -5 - -12. What is the remainder when w is divided by g?
1
Let r = -363 + 415. What is the remainder when 467 is divided by r?
51
Let a(w) = -w**3 - 4*w**2 - 4*w - 2. Let v = 7 - 2. Suppose -3*g - 13 = -6*g + y, 5 = -5*g - v*y. What is the remainder when g is divided by a(-3)?
0
Let a = 11 + -9. Suppose 7 - 367 = -3*q - 4*l, -a*l - 254 = -2*q. Suppose 3*d = -d + q. Calculate the remainder when d is divided by 17.
14
Suppose -5*b + v + 258 = 0, -30*b + 158 = -27*b + v. What is the remainder when b is divided by 20?
12
Suppose z - 4 = -0. Suppose -z*k = 2*d + d - 236, 4*k = 2*d - 124. Let u = 0 + 15. Calculate the remainder when d is divided by u.
12
Let s = 221 - 112. What is the remainder when 1196 is divided by s?
106
Suppose 88 = p - 3*u, -2*u = -28*p + 27*p + 89. Calculate the remainder when 361 is divided by p.
88
Let o = 0 - 2. Let d(k) = 2*k**2 + k. Suppose -10*n = -229 - 1. What is the remainder when n is divided by d(o)?
5
Let x = 465 - 357. What is the remainder when x is divided by 55?
53
Suppose -4*h = -6*h + 14. What is the remainder when 23 is divided by h?
2
Let l(i) be the second derivative of -i**5/20 + i**4/2 + i**3 - 4*i**2 - 3*i. What is the remainder when 54 is divided by l(6)?
26
Let f = 173 - 93. Calculate the remainder when f is divided by (-1165)/(-55) - (13 - (-846)/(-66)).
17
Let l = -7109 + 7117. Let f(q) = q**3 + 7*q**2 + 3*q - 2. What is the remainder when f(-3) is divided by l?
1
Let i be (-242)/(-4) - 2/(-4). Let b = i + -46. Calculate the remainder when 55 is divided by b.
10
Suppose 4*u = 410 + 678. Suppose -7*v + u = v. Calculate the remainder when v is divided by 9.
7
Let b be (-2)/6*2*-3. Suppose -4*g = -b*g - 14. Suppose -m + 36 = 2. Calculate the remainder when m is divided by g.
6
Let g be 14 + -12 - ((-2)/(-1) + -91). Let w = g + -41. Calculate the remainder when w is divided by 19.
12
Suppose b - 5*x + 5 = 0, 0*x + 7 = b - x. Let a(n) = 3*n + 1. What is the remainder when b is divided by a(1)?
2
Calculate the remainder when 4/(-6) + (-358)/(-6) is divided by 88/(-11) + (-40)/(-2).
11
What is the remainder when (-5 - 109/(-5))*(-210)/(-9) is divided by 36?
32
Let f be (-171)/2 - 24/(-16). What is the remainder when (-196)/f*(-1 - -10) is divided by 6?
3
Suppose -64*c + 60*c = -284. Let m = c - 7. What is the remainder when m is divided by 22?
20
Let m(r) = 62*r - 207. Suppose 108 = 4*v + t, 3*v + 6*t - 81 = 2*t. What is the remainder when m(5) is divided by v?
22
Suppose u + 2636 = 3*r, -3*r + 5*u + 1212 = -1444. What is the remainder when r is divided by 55?
52
Suppose 0 = -2*m + 42 - 6. Calculate the remainder when m is divided by 8*(-1)/(-2) - (-63 - -57).
8
Let q = 18 - 27. Let x(j) = j**3 + 10*j**2 + 7*j - 8. Let u be x(q). What is the remainder when ((-24)/u)/(1/(-5)) is divided by 5?
2
Let l(k) = -k**3 + 15*k**2 + 3*k - 32. Let r be l(15). Suppos